{"id":739,"date":"2024-04-16T17:20:04","date_gmt":"2024-04-16T15:20:04","guid":{"rendered":"https:\/\/www.caballodeviento.com\/?page_id=739"},"modified":"2024-04-25T18:56:33","modified_gmt":"2024-04-25T16:56:33","slug":"declaracio-daccessibilitat","status":"publish","type":"page","link":"https:\/\/www.caballodeviento.com\/ca\/inici\/declaracio-daccessibilitat\/","title":{"rendered":"DECLARACI\u00d3 D&#8217;ACCESSIBILITAT"},"content":{"rendered":"<div class=\"wpb-content-wrapper\"><p>[vc_row css_animation=&#8221;&#8221; row_type=&#8221;row&#8221; use_row_as_full_screen_section=&#8221;no&#8221; type=&#8221;grid&#8221; angled_section=&#8221;no&#8221; text_align=&#8221;left&#8221; background_image_as_pattern=&#8221;without_pattern&#8221; z_index=&#8221;&#8221; padding_top=&#8221;30&#8243;][vc_column][vc_column_text]<\/p>\n<p style=\"text-align: center;\"><small><a href=\"\/ca\/\">INICI<\/a> \/ DECLARACI\u00d3 D&#8217;ACCESSIBILITAT<\/small><\/p>\n<p>[\/vc_column_text][vc_separator type=&#8221;small&#8221; position=&#8221;center&#8221; color=&#8221;#000000&#8243; thickness=&#8221;1&#8243; down=&#8221;30&#8243;][\/vc_column][\/vc_row][vc_row css_animation=&#8221;&#8221; row_type=&#8221;row&#8221; use_row_as_full_screen_section=&#8221;no&#8221; type=&#8221;grid&#8221; angled_section=&#8221;no&#8221; text_align=&#8221;left&#8221; background_image_as_pattern=&#8221;without_pattern&#8221; z_index=&#8221;&#8221; padding_top=&#8221;25&#8243; padding_bottom=&#8221;75&#8243; anchor=&#8221;inicio&#8221;][vc_column][vc_column_text]<\/p>\n<h1 style=\"text-align: center;\">Declaraci\u00f3 d&#8217;accessibilitat<\/h1>\n<p>[\/vc_column_text][vc_empty_space height=&#8221;75&#8243;][vc_column_text]CABALLO DE VIENTO \u2013 MARIA GUASCH SORS s&#8217;ha comprom\u00e8s a fer accessible el seu lloc web, de conformitat amb el Reial decret 1112\/2018, de 7 de setembre, sobre accessibilitat dels llocs web i aplicacions per a dispositius m\u00f2bils del sector p\u00fablic.<\/p>\n<p>&nbsp;<\/p>\n<p>Aquesta declaraci\u00f3 d&#8217;accessibilitat s&#8217;aplica al lloc web https:\/\/www.caballodeviento.com:<\/p>\n<p>&nbsp;<\/p>\n<div class=\"vc_empty_space\">[vc_empty_space height=&#8221;50px&#8221;]<\/div>\n<h2>SITUACI\u00d3 DE COMPLIMENT<\/h2>\n<div class=\"separator small left \">[vc_separator type=&#8221;small&#8221; position=&#8221;left&#8221; up=&#8221;15&#8243; down=&#8221;40&#8243; color=&#8221;#000000&#8243; transparency=&#8221;1&#8243; thickness=&#8221;2&#8243; width=&#8221;100&#8243;]<\/div>\n<p>Aquest lloc web compleix el RD 1112\/2018.<\/p>\n<p>&nbsp;<\/p>\n<div class=\"vc_empty_space\">[vc_empty_space height=&#8221;50px&#8221;]<\/div>\n<h2>PREPARACI\u00d3 DE LA PRESENT DECLARACI\u00d3 D&#8217;ACCESSIBILITAT<\/h2>\n<div class=\"separator small left \">[vc_separator type=&#8221;small&#8221; position=&#8221;left&#8221; up=&#8221;15&#8243; down=&#8221;40&#8243; color=&#8221;#000000&#8243; transparency=&#8221;1&#8243; thickness=&#8221;2&#8243; width=&#8221;100&#8243;]<\/div>\n<p>Aquesta declaraci\u00f3 va ser preparada el 26 d&#8217;abril del 2024.<\/p>\n<p>&nbsp;<\/p>\n<p>El m\u00e8tode emprat per preparar la declaraci\u00f3 ha estat una autoavaluaci\u00f3 duta a terme per CABALLO DE VIENTO \u2013 MARIA GUASCH SORS.<\/p>\n<p>&nbsp;<\/p>\n<div class=\"vc_empty_space\">[vc_empty_space height=&#8221;50px&#8221;]<\/div>\n<h2>OBSERVACIONS I DADES DE CONTACTE<\/h2>\n<div class=\"separator small left \">[vc_separator type=&#8221;small&#8221; position=&#8221;left&#8221; up=&#8221;15&#8243; down=&#8221;40&#8243; color=&#8221;#000000&#8243; transparency=&#8221;1&#8243; thickness=&#8221;2&#8243; width=&#8221;100&#8243;]<\/div>\n<p>Podeu realitzar comunicacions sobre requisits d&#8217;accessibilitat (article 10.2.a del RD 1112\/2018) com:<\/p>\n<p>&nbsp;<\/p>\n<ul>\n<li style=\"list-style-type: none;\">\n<ul>\n<li style=\"list-style-type: none;\">\n<ul>\n<li>Informar sobre qualsevol possible incompliment per part d&#8217;aquest lloc web.<\/li>\n<li>Transmetre altres dificultats d&#8217;acc\u00e9s al contingut.<\/li>\n<li>Formular qualsevol altra consulta o suggeriment de millora relativa a l&#8217;accessibilitat del lloc web.<\/li>\n<\/ul>\n<\/li>\n<\/ul>\n<\/li>\n<\/ul>\n<p>&nbsp;<\/p>\n<p>a trav\u00e9s del <a href=\"\/ca\/contacte\">formulari de contacte<\/a> d&#8217;aquest lloc web o mitjan\u00e7ant el n\u00famero de tel\u00e8fon (+34) 637 07 87 86.<\/p>\n<p>&nbsp;<\/p>\n<p>Les queixes i reclamacions sobre informaci\u00f3 accessible es realitzaran a trav\u00e9s d&#8217;aquest formulari i seran rebudes i tractades per CABALLO DE VIENTO \u2013 MARIA GUASCH SORS.<\/p>\n<p>&nbsp;<\/p>\n<div class=\"vc_empty_space\">[vc_empty_space height=&#8221;50px&#8221;]<\/div>\n<h2>PROCEDIMENT D&#8217;APLICACI\u00d3<\/h2>\n<div class=\"separator small left \">[vc_separator type=&#8221;small&#8221; position=&#8221;left&#8221; up=&#8221;15&#8243; down=&#8221;40&#8243; color=&#8221;#000000&#8243; transparency=&#8221;1&#8243; thickness=&#8221;2&#8243; width=&#8221;100&#8243;]<\/div>\n<p>Si una vegada feta una sol\u00b7licitud d&#8217;informaci\u00f3 accessible o queixa, aquesta ha estat desestimada, no s&#8217;estigu\u00e9s d&#8217;acord amb la decisi\u00f3 adoptada, o la resposta no compl\u00eds els requisits que preveu l&#8217;article 12.5, la persona interessada pot iniciar una reclamaci\u00f3. Igualment, es pot iniciar una reclamaci\u00f3 en cas que hagi transcorregut el termini de vint dies h\u00e0bils sense haver obtingut resposta.<\/p>\n<p>&nbsp;<\/p>\n<p>La reclamaci\u00f3 pot ser presentada a trav\u00e9s d&#8217;info.caballodeviento@gmail.com, aix\u00ed com a la resta d&#8217;opcions recollides a la Llei 39\/2015, d&#8217;1 d&#8217;octubre, del Procediment Administratiu Com\u00fa de les administracions p\u00fabliques.<\/p>\n<p>&nbsp;<\/p>\n<p>Les reclamacions seran rebudes i tractades per CABALLO DE VIENTO \u2013 MARIA GUASCH SORS.<\/p>\n<p>&nbsp;<\/p>\n<div class=\"vc_empty_space\">[vc_empty_space height=&#8221;50px&#8221;]<\/div>\n<h2>CONTINGUT OPCIONAL<\/h2>\n<div class=\"separator small left \">[vc_separator type=&#8221;small&#8221; position=&#8221;left&#8221; up=&#8221;15&#8243; down=&#8221;40&#8243; color=&#8221;#000000&#8243; transparency=&#8221;1&#8243; thickness=&#8221;2&#8243; width=&#8221;100&#8243;]<\/div>\n<p>Aquest portal est\u00e0 dissenyat per canviar la mida del text i el color, aix\u00ed com el fons de la p\u00e0gina mitjan\u00e7ant les opcions de configuraci\u00f3 est\u00e0ndard dels navegadors.<\/p>\n<p>&nbsp;<\/p>\n<p>Si voleu canviar la mida de lletra del text als principals navegadors gr\u00e0fics, utilitzeu els men\u00fas seg\u00fcents:<\/p>\n<p>&nbsp;<\/p>\n<ul>\n<li style=\"list-style-type: none;\">\n<ul>\n<li style=\"list-style-type: none;\">\n<ul>\n<li>Internet Explorer, Mozilla i Firefox: Veure &gt; Mida del text<\/li>\n<li>Opera: Veure &gt; Zoom<\/li>\n<li>Safari: Veure &gt; Fer el text m\u00e9s gran<\/li>\n<li>Chrome: Controla la p\u00e0gina actual &gt; Mida del text<\/li>\n<li>Per modificar la mida de tot a la p\u00e0gina:\n<ul>\n<li style=\"list-style-type: none;\">\n<ul>\n<li>Ctrl++ per augmentar-ho<\/li>\n<li>Ctrl + \u2013 per disminuir-ho<\/li>\n<li>Ctrl + 0 restaura la mida original del text<\/li>\n<li>Si el que voleu \u00e9s anul\u00b7lar el full d&#8217;estils o modificar el color del text, podeu consultar la p\u00e0gina How to Change Text Size or Colors de la WAI, que es pot llegir tradu\u00eft a l&#8217;espanyol a Com canviar la mida del text o colors?<\/li>\n<\/ul>\n<\/li>\n<\/ul>\n<\/li>\n<\/ul>\n<\/li>\n<\/ul>\n<\/li>\n<\/ul>\n<p>[\/vc_column_text][\/vc_column][\/vc_row]<\/p>\n<\/div>","protected":false},"excerpt":{"rendered":"<p>[vc_row css_animation=&#8221;&#8221; row_type=&#8221;row&#8221; use_row_as_full_screen_section=&#8221;no&#8221; type=&#8221;grid&#8221; angled_section=&#8221;no&#8221; text_align=&#8221;left&#8221; background_image_as_pattern=&#8221;without_pattern&#8221; z_index=&#8221;&#8221; padding_top=&#8221;30&#8243;][vc_column][vc_column_text] INICI \/ DECLARACI\u00d3 D&#8217;ACCESSIBILITAT [\/vc_column_text][vc_separator type=&#8221;small&#8221; position=&#8221;center&#8221; color=&#8221;#000000&#8243; thickness=&#8221;1&#8243; down=&#8221;30&#8243;][\/vc_column][\/vc_row][vc_row css_animation=&#8221;&#8221; row_type=&#8221;row&#8221; use_row_as_full_screen_section=&#8221;no&#8221; type=&#8221;grid&#8221; angled_section=&#8221;no&#8221; text_align=&#8221;left&#8221; background_image_as_pattern=&#8221;without_pattern&#8221; z_index=&#8221;&#8221; padding_top=&#8221;25&#8243; padding_bottom=&#8221;75&#8243; anchor=&#8221;inicio&#8221;][vc_column][vc_column_text] Declaraci\u00f3 d&#8217;accessibilitat [\/vc_column_text][vc_empty_space height=&#8221;75&#8243;][vc_column_text]CABALLO DE VIENTO \u2013 MARIA GUASCH SORS s&#8217;ha comprom\u00e8s a fer accessible el seu lloc web, de conformitat amb el Reial decret 1112\/2018, de 7 de setembre, sobre accessibilitat dels llocs web i aplicacions per a dispositius m\u00f2bils del sector p\u00fablic. &nbsp; Aquesta declaraci\u00f3 d&#8217;accessibilitat s&#8217;aplica al lloc web https:\/\/www.caballodeviento.com: &nbsp; [vc_empty_space height=&#8221;50px&#8221;] SITUACI\u00d3&hellip; <a class=\"continue\" href=\"https:\/\/www.caballodeviento.com\/ca\/inici\/declaracio-daccessibilitat\/\">CONTINUAR >><span> DECLARACI\u00d3 D&#8217;ACCESSIBILITAT<\/span><\/a><\/p>\n","protected":false},"author":1,"featured_media":0,"parent":696,"menu_order":0,"comment_status":"closed","ping_status":"closed","template":"full_width.php","meta":{"footnotes":""},"class_list":["post-739","page","type-page","status-publish","hentry"],"_links":{"self":[{"href":"https:\/\/www.caballodeviento.com\/ca\/wp-json\/wp\/v2\/pages\/739","targetHints":{"allow":["GET"]}}],"collection":[{"href":"https:\/\/www.caballodeviento.com\/ca\/wp-json\/wp\/v2\/pages"}],"about":[{"href":"https:\/\/www.caballodeviento.com\/ca\/wp-json\/wp\/v2\/types\/page"}],"author":[{"embeddable":true,"href":"https:\/\/www.caballodeviento.com\/ca\/wp-json\/wp\/v2\/users\/1"}],"replies":[{"embeddable":true,"href":"https:\/\/www.caballodeviento.com\/ca\/wp-json\/wp\/v2\/comments?post=739"}],"version-history":[{"count":1,"href":"https:\/\/www.caballodeviento.com\/ca\/wp-json\/wp\/v2\/pages\/739\/revisions"}],"predecessor-version":[{"id":740,"href":"https:\/\/www.caballodeviento.com\/ca\/wp-json\/wp\/v2\/pages\/739\/revisions\/740"}],"up":[{"embeddable":true,"href":"https:\/\/www.caballodeviento.com\/ca\/wp-json\/wp\/v2\/pages\/696"}],"wp:attachment":[{"href":"https:\/\/www.caballodeviento.com\/ca\/wp-json\/wp\/v2\/media?parent=739"}],"curies":[{"name":"wp","href":"https:\/\/api.w.org\/{rel}","templated":true}]}}

DECLARACIÓ D&#8217;ACCESSIBILITAT

<div class="wpb-content-wrapper"><p>[vc_row css_animation=&#8221;&#8221; row_type=&#8221;row&#8221; use_row_as_full_screen_section=&#8221;no&#8221; type=&#8221;grid&#8221; angled_section=&#8221;no&#8221; text_align=&#8221;left&#8221; background_image_as_pattern=&#8221;without_pattern&#8221; z_index=&#8221;&#8221; padding_top=&#8221;30&#8243;][vc_column][vc_column_text]</p>
<p style="text-align: center;"><small><a href="/ca/">INICI</a> / DECLARACIÓ D&#8217;ACCESSIBILITAT</small></p>
<p>[/vc_column_text][vc_separator type=&#8221;small&#8221; position=&#8221;center&#8221; color=&#8221;#000000&#8243; thickness=&#8221;1&#8243; down=&#8221;30&#8243;][/vc_column][/vc_row][vc_row css_animation=&#8221;&#8221; row_type=&#8221;row&#8221; use_row_as_full_screen_section=&#8221;no&#8221; type=&#8221;grid&#8221; angled_section=&#8221;no&#8221; text_align=&#8221;left&#8221; background_image_as_pattern=&#8221;without_pattern&#8221; z_index=&#8221;&#8221; padding_top=&#8221;25&#8243; padding_bottom=&#8221;75&#8243; anchor=&#8221;inicio&#8221;][vc_column][vc_column_text]</p>
<h1 style="text-align: center;">Declaració d&#8217;accessibilitat</h1>
<p>[/vc_column_text][vc_empty_space height=&#8221;75&#8243;][vc_column_text]CABALLO DE VIENTO – MARIA GUASCH SORS s&#8217;ha compromès a fer accessible el seu lloc web, de conformitat amb el Reial decret 1112/2018, de 7 de setembre, sobre accessibilitat dels llocs web i aplicacions per a dispositius mòbils del sector públic.</p>
<p>&nbsp;</p>
<p>Aquesta declaració d&#8217;accessibilitat s&#8217;aplica al lloc web https://www.caballodeviento.com:</p>
<p>&nbsp;</p>
<div class="vc_empty_space">[vc_empty_space height=&#8221;50px&#8221;]</div>
<h2>SITUACIÓ DE COMPLIMENT</h2>
<div class="separator small left ">[vc_separator type=&#8221;small&#8221; position=&#8221;left&#8221; up=&#8221;15&#8243; down=&#8221;40&#8243; color=&#8221;#000000&#8243; transparency=&#8221;1&#8243; thickness=&#8221;2&#8243; width=&#8221;100&#8243;]</div>
<p>Aquest lloc web compleix el RD 1112/2018.</p>
<p>&nbsp;</p>
<div class="vc_empty_space">[vc_empty_space height=&#8221;50px&#8221;]</div>
<h2>PREPARACIÓ DE LA PRESENT DECLARACIÓ D&#8217;ACCESSIBILITAT</h2>
<div class="separator small left ">[vc_separator type=&#8221;small&#8221; position=&#8221;left&#8221; up=&#8221;15&#8243; down=&#8221;40&#8243; color=&#8221;#000000&#8243; transparency=&#8221;1&#8243; thickness=&#8221;2&#8243; width=&#8221;100&#8243;]</div>
<p>Aquesta declaració va ser preparada el 26 d&#8217;abril del 2024.</p>
<p>&nbsp;</p>
<p>El mètode emprat per preparar la declaració ha estat una autoavaluació duta a terme per CABALLO DE VIENTO – MARIA GUASCH SORS.</p>
<p>&nbsp;</p>
<div class="vc_empty_space">[vc_empty_space height=&#8221;50px&#8221;]</div>
<h2>OBSERVACIONS I DADES DE CONTACTE</h2>
<div class="separator small left ">[vc_separator type=&#8221;small&#8221; position=&#8221;left&#8221; up=&#8221;15&#8243; down=&#8221;40&#8243; color=&#8221;#000000&#8243; transparency=&#8221;1&#8243; thickness=&#8221;2&#8243; width=&#8221;100&#8243;]</div>
<p>Podeu realitzar comunicacions sobre requisits d&#8217;accessibilitat (article 10.2.a del RD 1112/2018) com:</p>
<p>&nbsp;</p>
<ul>
<li style="list-style-type: none;">
<ul>
<li style="list-style-type: none;">
<ul>
<li>Informar sobre qualsevol possible incompliment per part d&#8217;aquest lloc web.</li>
<li>Transmetre altres dificultats d&#8217;accés al contingut.</li>
<li>Formular qualsevol altra consulta o suggeriment de millora relativa a l&#8217;accessibilitat del lloc web.</li>
</ul>
</li>
</ul>
</li>
</ul>
<p>&nbsp;</p>
<p>a través del <a href="/ca/contacte">formulari de contacte</a> d&#8217;aquest lloc web o mitjançant el número de telèfon (+34) 637 07 87 86.</p>
<p>&nbsp;</p>
<p>Les queixes i reclamacions sobre informació accessible es realitzaran a través d&#8217;aquest formulari i seran rebudes i tractades per CABALLO DE VIENTO – MARIA GUASCH SORS.</p>
<p>&nbsp;</p>
<div class="vc_empty_space">[vc_empty_space height=&#8221;50px&#8221;]</div>
<h2>PROCEDIMENT D&#8217;APLICACIÓ</h2>
<div class="separator small left ">[vc_separator type=&#8221;small&#8221; position=&#8221;left&#8221; up=&#8221;15&#8243; down=&#8221;40&#8243; color=&#8221;#000000&#8243; transparency=&#8221;1&#8243; thickness=&#8221;2&#8243; width=&#8221;100&#8243;]</div>
<p>Si una vegada feta una sol·licitud d&#8217;informació accessible o queixa, aquesta ha estat desestimada, no s&#8217;estigués d&#8217;acord amb la decisió adoptada, o la resposta no complís els requisits que preveu l&#8217;article 12.5, la persona interessada pot iniciar una reclamació. Igualment, es pot iniciar una reclamació en cas que hagi transcorregut el termini de vint dies hàbils sense haver obtingut resposta.</p>
<p>&nbsp;</p>
<p>La reclamació pot ser presentada a través d&#8217;info.caballodeviento@gmail.com, així com a la resta d&#8217;opcions recollides a la Llei 39/2015, d&#8217;1 d&#8217;octubre, del Procediment Administratiu Comú de les administracions públiques.</p>
<p>&nbsp;</p>
<p>Les reclamacions seran rebudes i tractades per CABALLO DE VIENTO – MARIA GUASCH SORS.</p>
<p>&nbsp;</p>
<div class="vc_empty_space">[vc_empty_space height=&#8221;50px&#8221;]</div>
<h2>CONTINGUT OPCIONAL</h2>
<div class="separator small left ">[vc_separator type=&#8221;small&#8221; position=&#8221;left&#8221; up=&#8221;15&#8243; down=&#8221;40&#8243; color=&#8221;#000000&#8243; transparency=&#8221;1&#8243; thickness=&#8221;2&#8243; width=&#8221;100&#8243;]</div>
<p>Aquest portal està dissenyat per canviar la mida del text i el color, així com el fons de la pàgina mitjançant les opcions de configuració estàndard dels navegadors.</p>
<p>&nbsp;</p>
<p>Si voleu canviar la mida de lletra del text als principals navegadors gràfics, utilitzeu els menús següents:</p>
<p>&nbsp;</p>
<ul>
<li style="list-style-type: none;">
<ul>
<li style="list-style-type: none;">
<ul>
<li>Internet Explorer, Mozilla i Firefox: Veure &gt; Mida del text</li>
<li>Opera: Veure &gt; Zoom</li>
<li>Safari: Veure &gt; Fer el text més gran</li>
<li>Chrome: Controla la pàgina actual &gt; Mida del text</li>
<li>Per modificar la mida de tot a la pàgina:
<ul>
<li style="list-style-type: none;">
<ul>
<li>Ctrl++ per augmentar-ho</li>
<li>Ctrl + – per disminuir-ho</li>
<li>Ctrl + 0 restaura la mida original del text</li>
<li>Si el que voleu és anul·lar el full d&#8217;estils o modificar el color del text, podeu consultar la pàgina How to Change Text Size or Colors de la WAI, que es pot llegir traduït a l&#8217;espanyol a Com canviar la mida del text o colors?</li>
</ul>
</li>
</ul>
</li>
</ul>
</li>
</ul>
</li>
</ul>
<p>[/vc_column_text][/vc_column][/vc_row]</p>
</div>

<p>[vc_row css_animation=&#8221;&#8221; row_type=&#8221;row&#8221; use_row_as_full_screen_section=&#8221;no&#8221; type=&#8221;grid&#8221; angled_section=&#8221;no&#8221; text_align=&#8221;left&#8221; background_image_as_pattern=&#8221;without_pattern&#8221; z_index=&#8221;&#8221; padding_top=&#8221;30&#8243;][vc_column][vc_column_text] INICI / DECLARACIÓ D&#8217;ACCESSIBILITAT [/vc_column_text][vc_separator type=&#8221;small&#8221; position=&#8221;center&#8221; color=&#8221;#000000&#8243; thickness=&#8221;1&#8243; down=&#8221;30&#8243;][/vc_column][/vc_row][vc_row css_animation=&#8221;&#8221; row_type=&#8221;row&#8221; use_row_as_full_screen_section=&#8221;no&#8221; type=&#8221;grid&#8221; angled_section=&#8221;no&#8221; text_align=&#8221;left&#8221; background_image_as_pattern=&#8221;without_pattern&#8221; z_index=&#8221;&#8221; padding_top=&#8221;25&#8243; padding_bottom=&#8221;75&#8243; anchor=&#8221;inicio&#8221;][vc_column][vc_column_text] Declaració d&#8217;accessibilitat [/vc_column_text][vc_empty_space height=&#8221;75&#8243;][vc_column_text]CABALLO DE VIENTO – MARIA GUASCH SORS s&#8217;ha compromès a fer accessible el seu lloc web, de conformitat amb el Reial decret 1112/2018, de 7 de setembre, sobre accessibilitat dels llocs web i aplicacions per a dispositius mòbils del sector públic. &nbsp; Aquesta declaració d&#8217;accessibilitat s&#8217;aplica al lloc web https://www.caballodeviento.com: &nbsp; [vc_empty_space height=&#8221;50px&#8221;] SITUACIÓ&hellip; <a class="continue" href="https://www.caballodeviento.com/ca/inici/declaracio-daccessibilitat/">CONTINUAR >><span> DECLARACIÓ D&#8217;ACCESSIBILITAT</span></a></p>
